26 + 276. Suppose 914 = 4*c + o. What is the units digit of c?
1
Let m be (-6)/8*(-20)/(-5). What is the units digit of (m - 90/(-12))/(2/20)?
5
Let t(l) = -l - 3. Let c be t(-3). Suppose c = -14*p + 13*p + 43. Suppose -4*q + p + 85 = 0. What is the units digit of q?
2
Let y = 31 - 31. Suppose -2*b - 4*s + 172 = 0, y = -0*b + 4*b - 4*s - 380. What is the units digit of b?
2
Suppose -y = -7*y + 3564. Suppose -2*g + s = -294, s + y = 4*g - 4*s. What is the hundreds digit of g?
1
Suppose 0 = -794*q + 796*q - 1696. What is the tens digit of q?
4
Let n = -6700 - -10068. What is the units digit of (1/(-2))/(n/(-3360) - -1)?
0
Let z = -1680 - -2756. What is the hundreds digit of z?
0
Let z(g) = -g**2 - 20*g + 49. Let l be z(-20). Suppose -4*w - l = -221. What is the tens digit of w?
4
Let a = 39 + 713. What is the tens digit of a?
5
Let p(l) = -4*l**3 + 11*l**2 + 10*l + 56. What is the hundreds digit of p(-5)?
7
Suppose -a = -28*a + 35397. What is the tens digit of a?
1
Let s be (-3 + 2)*-19*19*1. Let x = s - 230. What is the units digit of x?
1
Let p be ((-2)/(-8))/(17/340). Suppose 0 = p*k + 140 - 340. What is the tens digit of k?
4
Let u = -91 + 93. Let i(n) be the second derivative of 17*n**4/12 - n**3/2 + 3*n**2/2 - 2*n. What is the tens digit of i(u)?
6
Suppose -3*g + 616 = -b, -3*g - b + 636 = 2*b. What is the units digit of g?
7
Suppose -5*o - 62 = 3*a, 3*a + 2*o - 8 = -58. Let x be ((-48)/a)/((-2)/(-21)). Suppose 3*k - x - 51 = 0. What is the tens digit of k?
2
Suppose 0*n - a = n + 19, -n + 5*a - 31 = 0. Let i = 35 + n. What is the tens digit of i?
1
What is the units digit of 5 + (-80912)/(-143) + 4/22?
1
Let q(n) = -2*n + 17. Let z be q(6). What is the units digit of 23*(-2 + -2 + z)?
3
Let t(o) = o**2 - 9*o - 19. Let p(k) be the first derivative of 3*k**2/2 + 5*k + 8. Let r be p(3). What is the tens digit of t(r)?
5
Suppose 8*k - 128 = 12*k. Let g = k - -34. Suppose 0 = -2*m - q + 101, 0*q + g*q = 2. What is the tens digit of m?
5
Suppose -s + 9 + 25 = 0. Let v = 110 - s. What is the units digit of v?
6
Suppose 0 = -7*g - 9 + 23. Suppose 18 + 4 = g*r. What is the tens digit of r?
1
Let w(u) = u + 5. Let t be w(-5). Suppose 8*a + t*a - 592 = 0. What is the units digit of a?
4
Let a = 135 + 287. What is the units digit of a?
2
Let c(k) = 4*k**3 + 6*k + 3 - 8*k**2 + 2*k - 3*k**3. What is the tens digit of c(8)?
6
Suppose 35 = 5*l + 2*l. Suppose 0 = -l*d - 4*a + 2*a + 28, 0 = 4*d + 4*a - 20. What is the units digit of d?
6
Let z = 2 + -5. Let b(q) = -q - 2. What is the units digit of b(z)?
1
Let k(i) = -172*i - 111. What is the tens digit of k(-6)?
2
Let c be (-11)/(-3) + 2/6. Suppose -10*p = 7*p - 51. Suppose 2*f + p*a = -0*a + 16, -40 = -5*f + c*a. What is the units digit of f?
8
Suppose -x - 4*t + 8 = 0, 0*t = x + 3*t - 7. Let v be (-35 - (x - 4)) + -1. Let j = v + 91. What is the tens digit of j?
5
Let c = -98 - -621. What is the units digit of c?
3
Suppose 4*n + 2 = -5*i - 22, 4*n + 24 = -i. Let q = 10 + n. Let u(w) = w**3 - 3*w**2 + 4*w - 5. What is the units digit of u(q)?
7
Let p = 1887 - 1301. What is the units digit of p?
6
Let z be -3 - (4/(-22) - 926/(-11)). What is the tens digit of (-1)/(3/z) + 3?
3
Let o(v) be the third derivative of -v**4/4 + v**3/6 + 4*v**2. Let b be o(2). Let f = b + 18. What is the units digit of f?
7
Let q = -240 + 657. What is the tens digit of q?
1
Suppose 5*x + 1863 = 13098. What is the tens digit of x?
4
Suppose 0 = -y - 10*k + 7*k + 2069, -k = -3*y + 6217. What is the thousands digit of y?
2
Let q(k) = -27 - k**2 + 11 + 38. Suppose 6*u = 11*u. What is the tens digit of q(u)?
2
Suppose -w - 2*u + 13 = 0, 3*w + 4 = 5*u - 12. Suppose w*l - 182 = 547. What is the units digit of l?
3
Suppose -2*h + 7884 - 1614 = 4*d, 3*d - 15 = 0. What is the thousands digit of h?
3
What is the tens digit of (1944/(-252))/(-1 + 1142/1148)?
7
Let n = -205 - -141. Let t = 22 + n. Let o = -19 - t. What is the tens digit of o?
2
Suppose 5*c + 166*w - 10898 = 169*w, 4 = -4*w. What is the units digit of c?
9
Let t(k) = -k**3 - 13*k**2 - 4*k - 47. Let z be t(-13). What is the units digit of z/20*458*(0 - -2)?
9
Let h(w) = 26*w**2 - 1. Suppose 2*k = y - 3*k + 11, y = 4*k - 9. Let z be h(y). Let g = 33 - z. What is the units digit of g?
8
Let p(o) = o - 10. Let b be p(9). Let d be ((-49)/28)/(b/28). Suppose 4*s = 5*u + 31, -u + 5*u - d = -5*s. What is the units digit of s?
9
Let r(k) = 2*k**2 - 3. Let l(s) = s**2 - 1. Let a(p) = l(p) + r(p). What is the units digit of a(2)?
8
Let v(j) = -j**3 + 6*j**2 + 8*j - 5. Let z be v(7). Suppose -z*k + 413 = 2*d + 119, 2*k = -3*d + 289. What is the units digit of k?
2
Let u(l) = -11*l - 52. What is the units digit of u(-22)?
0
Let k(x) = 20*x - 2. Let w = 23 - 17. What is the tens digit of k(w)?
1
Let p = -19 - -21. Let t be -3 + p - (-258)/6. Let s = t - 13. What is the tens digit of s?
2
Suppose 0 = -5*w - 3*c + 2949, -5*c + 3 = -4*c. Suppose -n + w = 5*n. What is the units digit of n?
8
Let w = 138 - 86. Let j = w + -7. What is the units digit of j?
5
Suppose -5*t + 2*b = -2*t - 732, -3*b - 9 = 0. Let a = t - 140. What is the units digit of a?
2
Let y = -22 - -11. Let m = y + 15. Suppose 4*n = -m*p + 100, -n - n = -p + 25. What is the units digit of p?
5
Let i(x) = x**3 + 2*x**2 - 2*x + 1. Let o be i(-2). Suppose 7*s - 378 = 2*s + y, -o*y = 2*s - 135. What is the units digit of s?
5
Let k = 17 + -15. What is the tens digit of k - -59 - 15/5?
5
Let g(v) = -v + 8. Let a be g(8). Suppose 10 = -a*k + 5*k, -4*t - 2*k = -88. What is the tens digit of (t/6)/((-2)/(-24))?
4
Suppose 5*l - 4*b = 76, 0*b = 5*b + 20. Suppose v + 3*v = l. Let t = v - -20. What is the units digit of t?
3
Let o(d) = 2*d**2 + 10*d + 4. Let f be o(-5). Suppose 0 = -f*g - 25 + 145. What is the units digit of (4 + -3 - -1)*g?
0
Suppose -3*y - 18 = -p - 8*y, 4*y = 5*p - 3. Suppose m + 28 = 3*j, -2*m - 52 = -5*j - p*m. Suppose j*g - 15*g = -190. What is the tens digit of g?
3
Let l be (3 - (-1 + (3 - 2))) + 3. What is the tens digit of (715/(-20) - 4)/(l/(-16))?
0
Suppose -7*b + 933 = -5*b + 5*g, -4*g - 1936 = -4*b. What is the hundreds digit of b?
4
Let r(f) = 18*f**2 - 48*f + 1. What is the hundreds digit of r(7)?
5
Suppose 17*v = 15*v + b + 834, -417 = -v - 5*b. What is the tens digit of v?
1
Let v be 124203/228 + 6/(-8) + 0. Suppose -4*h + 213 + 227 = 2*a, 5*h + a = v. What is the hundreds digit of h?
1
Suppose 0 = -j + 55 - 5. Let l = 98 - j. Suppose 4*f - l = 176. What is the tens digit of f?
5
Suppose 12*y - 2599 = -11*y. What is the units digit of y?
3
Suppose 3*z + 2 = 5*r - 17, r = -3*z + 11. Let t be 27*(20/(-12) + z). Let s = t - -18. What is the tens digit of s?
2
Suppose -6*m + 5063 = 701. What is the units digit of m?
7
Suppose 0*s + 16 = -2*s. Let n(r) = r + 10. Let a be n(s). Suppose -a*i + 17 = -i. What is the tens digit of i?
1
Let z(x) = 16*x - 116. What is the hundreds digit of z(41)?
5
What is the units digit of (1 + -927 + 0)/((-217)/434)?
2
Suppose -3*n = -5*n + 10, 5*s + 10 = n. What is the tens digit of (4/(-4) - 2) + (-110)/s?
0
Let v(b) = 0 + b**3 + 3 + 2*b**2 + 7*b**2. What is the tens digit of v(-8)?
6
Let a = 5 - 0. Suppose 5*s - 170 = -a*p, -2*p + 5*s = -0*p - 61. What is the tens digit of p?
3
Let o be -3 + 7/(7/2). Let s be (4 - o)/((-2)/(-4)). Let p = s + 2. What is the units digit of p?
2
Let u = -17 - -23. Suppose 3*q + 3 = u*q. What is the units digit of q?
1
Let o = 18 + -16. Let x(h) = -9*h - 3. Let p be x(-4). Suppose -12 = 3*r, -p = -3*f + 5*r + o. What is the units digit of f?
5
Suppose -379 = -o - 105. Suppose 362 = q + 3*q - 5*g, 5*g = 3*q - o. What is the units digit of q?
8
Suppose 2 = -3*j - g, -3*j + 2 = -3*g - 4. Suppose -s = 2*i - j*s + 1, 4 = -4*s. Let m = i - -50. What is the units digit of m?
0
Suppose 2*p = -9 + 25. Suppose -p + 26 = 3*g + 4*q, 2*q - 8 = -g. Suppose 4*z - 46 + g = 0. What is the tens digit of z?
1
Let g = 109 - -956. What is the thousands digit of g?
1
Suppose -2*k + 30 = 3*w - 2575, -5*w + 4327 = -4*k. What is the hundreds digit of w?
8
Let k(z) = 29*z**2 - 4. Suppose -8*i - 21 = -i. What is the hundreds digit of k(i)?
2
Let a = -113 + 2418. What is the tens digit of a?
0
Suppose -4*v + j + 40 = 6*j, -4*v + 5*j = 0. Suppose -31 = -4*i + v. What is t